 2 - -1. Suppose -40 = -z*o - x*t - t, -3*o + 50 = 4*t. Is o a composite number?
True
Is 4/(-6 - 2)*-62 composite?
False
Let d = 57 - 29. Suppose -l - d = -4*v - 13, 4*l = 3*v - 8. Is l/(133/(-67) - -2) a composite number?
False
Suppose -d - 56 = -3*d. Suppose a + 0*a = d. Let x = a - 7. Is x a composite number?
True
Is (-4 - (-1 - -154))/(-1) composite?
False
Let f(n) = -n**2 - 12*n - 12. Let q be f(-11). Let g(p) = -252*p + 1. Is g(q) a composite number?
True
Let u(v) = 4*v + 2*v**2 + 5 - 10 + 4. Is u(-4) a prime number?
False
Let m be (-6287)/(-3) - (-6)/(-9). Let g = 2964 - m. Is g composite?
True
Let m(x) = 2*x**2 + 4*x - 4. Suppose u + 4*i - 12 = 0, -5*u = -i + 24 - 0. Let g be m(u). Is 374/g + 4/(-24) a prime number?
True
Let k(p) = -p + 0*p - p - 5*p. Is k(-1) composite?
False
Let u(d) = -6*d**3 + d + 0*d**2 - 1 + d**2 + d + 0. Is u(-2) a prime number?
True
Let u(j) be the third derivative of j**6/60 - 2*j**5/15 + j**4/12 + 5*j**3/6 - 2*j**2. Is u(6) prime?
False
Let v = -119 + 199. Let p(m) = m + 12. Let f be p(-7). Suppose f*n + v = 310. Is n prime?
False
Suppose -j = 4*j + 4*f - 7, 0 = 2*j + 3*f. Suppose 2*v + 5 = j. Is v/(((-2)/466)/1) a prime number?
True
Let m(w) = w**3 - 4*w**2 + 6*w - 2. Suppose -2*n + 3*n = 0. Let r be n + 3 - 2/(-2). Is m(r) a composite number?
True
Let d(c) = -c**2 - 8*c - 7. Let q be d(-6). Let j(m) = 51*m + 4. Is j(q) a prime number?
False
Let i be 13/3 + (-4)/12. Suppose 0 = 4*x + 5 - 1, -80 = -4*g - i*x. Is g a composite number?
True
Suppose -2*d + 23 = 2*w - 3*w, 0 = -4*d - 2*w + 26. Let u be (-3)/(d/6) + 6. Suppose y - 65 = -u*y. Is y a prime number?
True
Suppose 5*r - 45 = -4*d, 5*r + 8*d - 30 = 7*d. Suppose 1284 = r*n - 61. Is n prime?
True
Let u = 3735 - 2000. Is u prime?
False
Suppose -3*i + 145 = -2*v + 2682, -5*i + 1288 = v. Is v a prime number?
False
Let y(c) = c**2. Let r be y(2). Suppose 0 = r*u + 5*t - 203, -2*u + 226 = 3*u - 3*t. Let k = u + -33. Is k a composite number?
True
Let s be 131*(0 - (0 - -2)). Let l = -127 - s. Let d = l - 68. Is d composite?
False
Let b(s) = -s**3 - 12*s**2 - 4*s - 19. Is b(-13) composite?
True
Let u = -2 - -2. Suppose -g - g + 706 = u. Is g prime?
True
Suppose -3*m - 23 + 2 = 0. Let u = -5 - m. Is u/7 - (-47)/7 a composite number?
False
Suppose -3*d = -7*d + 4*b + 52, 4*d + 2*b - 28 = 0. Let x be (-15)/(-10)*(4 - 0). Is (-84)/(-9)*d/x a composite number?
True
Suppose -4*u = 5 + 3. Is 1*u*565/(-10) a composite number?
False
Let v = 286 - -125. Is v a prime number?
False
Let k(s) be the first derivative of 19*s**2 + 4*s + 3. Let t be k(8). Suppose -p - t = -5*p. Is p a prime number?
False
Let f(s) = -15*s - 10. Suppose -32 = 3*g + 7. Is f(g) composite?
True
Let p(l) = 19*l**2 - 6*l - 3. Is p(-2) composite?
True
Let b(w) = 129*w**2 - w + 3. Is b(-2) a prime number?
True
Let i(v) = 5*v**3 - v**2 - v + 1. Let r be i(1). Suppose 4*b = 4 + r. Suppose -b*f + 10 = -10. Is f a prime number?
False
Let g(w) = -w**3 - 6*w**2 - 7*w + 1. Let z be (-2)/(-6) + (-6)/(-9). Let n = z + -9. Is g(n) composite?
True
Let n(l) be the second derivative of 113*l**6/720 - l**4/4 + 2*l. Let d(a) be the third derivative of n(a). Is d(1) a composite number?
False
Let b(a) = -47*a**2 - 3*a + 2. Let t be b(2). Is t/(-4) - (-6 + 3) prime?
False
Let h = 30 + -22. Let a(j) = j**3 - 7*j**2 - 2*j + 3. Is a(h) a composite number?
True
Let t be 1 + -1 + 2 + 0. Let l(m) = 1 + 2*m + 2*m + 7*m. Is l(t) a prime number?
True
Let p(y) = y**3 + 7*y**2. Let x be p(-7). Suppose 0*g - g + 3 = x. Suppose m = -5*k + 55, g*k = k + m + 15. Is k a composite number?
True
Let t = 11 + -8. Suppose -t*a - 42 = -117. Suppose -90 = -5*v + a. Is v prime?
True
Let o be 5/((-5)/(-2)) + 13. Suppose -2*z = -4*z. Suppose -l = -z*l - o. Is l a composite number?
True
Suppose 133 = -3*r + 1360. Is r a prime number?
True
Let r(x) = x - 1. Let o(i) = -3*i - 4. Let u be o(-3). Let d be r(u). Is 3/((-6)/d) + 151 a composite number?
False
Let k(j) = -j**3 - 6*j**2 + 27*j - 71. Is k(-22) a prime number?
True
Suppose -21*l = -19*l - 7510. Is l a composite number?
True
Let n = -306 - -575. Is n prime?
True
Is (-1827)/(-14)*4/6 composite?
True
Let r be 3/(-4) - 1629/(-12). Suppose 0 = 3*t + 24 - r. Is t composite?
False
Suppose -2*j - 2*w - 393 = -5*j, 0 = -4*j + 4*w + 524. Is j prime?
True
Suppose 4*c - 4*x = -4, -2*x + 19 + 4 = 5*c. Suppose -5*o + c*d = -38 - 137, 5*o - 175 = 4*d. Is o composite?
True
Let h(x) be the second derivative of x**4/3 + x**3 - 3*x**2/2 - x. Let z = -98 - -93. Is h(z) a prime number?
True
Suppose 5*h - 5*n = 3285, 0*n = n + 2. Is h a composite number?
True
Let q(a) = -2*a**3 + 5*a**2 - 3*a + 4. Let c be q(3). Let n = 54 - c. Suppose 0 = -k + 3*l + n, 4 = -3*l + 13. Is k a composite number?
True
Let b(a) = -1725*a - 2. Is b(-1) prime?
True
Let r be (50/(-8))/(-5)*4. Suppose 2*y + 33 = r*y. Is y a composite number?
False
Let g(a) = 16*a**2 + a + 29. Is g(-12) prime?
False
Let a(h) = 18*h**2 - 7*h - 4. Is a(7) a prime number?
True
Let h be ((-75)/(-1))/((-21)/(-14)). Suppose -b + h = 4*b. Is b a prime number?
False
Suppose -204 = -2*t - 828. Let s = -162 - t. Is ((-8)/12)/((-4)/s) composite?
True
Suppose 0 = -5*c + 2*q, -q + 25 = -5*c - 4*q. Is 1275/55 - c/(-11) a composite number?
False
Let y(p) = 73*p - 1. Is y(4) a composite number?
True
Let y = -16 + 11. Let n = y + 39. Is n a prime number?
False
Suppose 1406 = 2*k - 5*d + 4*d, 3*d = -2*k + 1406. Is k composite?
True
Let c be 35 - 3*(-3 - -2). Suppose 4*q = 5*d - 135, d + 0*q - 3*q = c. Is d a prime number?
True
Let u = 65 + 30. Suppose -4*j = j - u. Is j a prime number?
True
Let q(m) = -65*m - 14. Is q(-9) prime?
True
Let c be (1 - (0 - -1)) + 2. Suppose -c*p + p + 3*a = -43, -5*p - a + 263 = 0. Is (1/(-2))/((-2)/p) a prime number?
True
Suppose -11*t + 12*t - 185 = 0. Is t composite?
True
Suppose -5*b + 5*c + 172 = -253, -2*b = 5*c - 198. Is b a composite number?
False
Let b(n) = -1 - 2*n - n**2 + 2*n + 45*n**2. Is b(-1) a composite number?
False
Suppose 0 = -4*c - 4 - 4. Let m(q) = -10*q**2 - 2*q + 1. Let h be m(c). Let v = h + 66. Is v composite?
False
Let h = -31 - -10. Suppose o = -8*y + 3*y + 158, 2*o = 5*y - 164. Let z = h + y. Is z a prime number?
True
Suppose -m + 1927 - 659 = 0. Let f = m + -615. Is f composite?
False
Suppose -3*s + 2*s = -394. Is s prime?
False
Is 1/(-2) + (-1144)/(-16) composite?
False
Let u be ((-753)/3)/(3 + -4). Suppose 0*m - 2*n + 97 = m, 2*n + u = 3*m. Is m a composite number?
True
Let r(v) = v**3 - 17*v**2 - 56*v + 23. Is r(22) a composite number?
True
Suppose 3*q - 1 = 5, -3*p - 3*q = 243. Let l = p - -121. Is l a prime number?
False
Suppose 2*t + 5*u = -15, -3*u = 3*t + 2*t - 10. Let n(w) = -w + 2*w**2 + 6 + t*w - w. Is n(-7) a composite number?
False
Suppose 0 = -7*l + 4*l + 759. Is l prime?
False
Suppose 3*m + 4*h - 431 = 0, -5*h = -9*m + 4*m + 765. Is m prime?
True
Let x = -3627 - -5782. Is x prime?
False
Let o(d) be the third derivative of 23*d**6/120 - d**5/60 + d**4/24 - d**3/6 - 2*d**2. Let t(v) = v + 6. Let l be t(-5). Is o(l) prime?
False
Let n(d) be the second derivative of d**5/20 - d**4/4 + d**3 + 9*d**2/2 - 7*d. Is n(8) composite?
True
Suppose 9*o - 6*o = 237. Is o a composite number?
False
Suppose 9*w + 4*w - 9347 = 0. Is w prime?
True
Suppose -5*i = -3 + 28. Let t = -1 - i. Let y = -2 + t. Is y a composite number?
False
Let b(d) = -d**2 - d - 2. Let n be b(0). Let s be n*((-1 - 5) + 0). Is (1 - s)/((-3)/6) a prime number?
False
Suppose -a - 526 = -3*a. Is a a composite number?
False
Suppose 0 = 3*u - 5*c + 96, -3*c + 0*c = -2*u - 65. Let l = 59 + u. Is l prime?
False
Let g = -17 + 25. Suppose -2*b + g = -0*b. Suppose 36 - 8 = b*u. Is u prime?
True
Let y = 2 - 2. Suppose -u - 3*j + 335 = y, 4*j - 2 = 6. Is u a composite number?
True
Suppose 3*p + 248 = 773. Suppose 0 = -7*x + 2*x + p. Is x a composite number?
True
Suppose 333 = 2*n - 3*l, -5*n + 436 = l - 354. Is n a composite number?
True
Let o(t) = -972*t - 5. Is o(-2) prime?
False
Let x = 641 + 244. Suppose -d + 4*d = x. Is d prime?
False
Let q(g) = g. Let a be q(5). Suppose -a*p - 836 = -2071. Is p a composite number?
True
Let q be (-790)/(-4)*24/30. Is q/8*(1 + 3) a prime number?
True
Is (-3462)/(-24)*(0 + 4) a prime number?
True
Suppose -y + 0*y + 89